{"id":926,"date":"2023-02-18T19:30:41","date_gmt":"2023-02-18T18:30:41","guid":{"rendered":"https:\/\/www.totem-pole.fr\/?post_type=product&#038;p=926"},"modified":"2023-02-18T19:42:53","modified_gmt":"2023-02-18T18:42:53","slug":"reparation-de-port-hdmi-pour-ps4-fat","status":"publish","type":"product","link":"https:\/\/www.totem-pole.fr\/index.php\/produit\/reparation-de-port-hdmi-pour-ps4-fat\/","title":{"rendered":"R\u00e9paration de port HDMI pour PS4 Fat"},"content":{"rendered":"<p>Remplacement d&rsquo;un port HDMI d\u00e9t\u00e9rior\u00e9 sur PS4 Fat.<\/p>\n","protected":false},"excerpt":{"rendered":"<div class=\"mh-excerpt\"><p>Remplacement d&rsquo;un port HDMI d\u00e9t\u00e9rior\u00e9 sur PS4 Fat.<\/p>\n<\/div>","protected":false},"featured_media":646,"comment_status":"closed","ping_status":"closed","template":"","meta":[],"product_brand":[],"product_cat":[64,58],"product_tag":[71,86,85,70],"class_list":{"0":"post-926","1":"product","2":"type-product","3":"status-publish","4":"has-post-thumbnail","6":"product_cat-ps4","7":"product_cat-sony","8":"product_tag-connecteur","9":"product_tag-hdmi","10":"product_tag-ps4","11":"product_tag-reparation","12":"product_shipping_class-5kg","14":"first","15":"instock","16":"taxable","17":"shipping-taxable","18":"purchasable","19":"product-type-simple"},"_links":{"self":[{"href":"https:\/\/www.totem-pole.fr\/index.php\/wp-json\/wp\/v2\/product\/926","targetHints":{"allow":["GET"]}}],"collection":[{"href":"https:\/\/www.totem-pole.fr\/index.php\/wp-json\/wp\/v2\/product"}],"about":[{"href":"https:\/\/www.totem-pole.fr\/index.php\/wp-json\/wp\/v2\/types\/product"}],"replies":[{"embeddable":true,"href":"https:\/\/www.totem-pole.fr\/index.php\/wp-json\/wp\/v2\/comments?post=926"}],"wp:featuredmedia":[{"embeddable":true,"href":"https:\/\/www.totem-pole.fr\/index.php\/wp-json\/wp\/v2\/media\/646"}],"wp:attachment":[{"href":"https:\/\/www.totem-pole.fr\/index.php\/wp-json\/wp\/v2\/media?parent=926"}],"wp:term":[{"taxonomy":"product_brand","embeddable":true,"href":"https:\/\/www.totem-pole.fr\/index.php\/wp-json\/wp\/v2\/product_brand?post=926"},{"taxonomy":"product_cat","embeddable":true,"href":"https:\/\/www.totem-pole.fr\/index.php\/wp-json\/wp\/v2\/product_cat?post=926"},{"taxonomy":"product_tag","embeddable":true,"href":"https:\/\/www.totem-pole.fr\/index.php\/wp-json\/wp\/v2\/product_tag?post=926"}],"curies":[{"name":"wp","href":"https:\/\/api.w.org\/{rel}","templated":true}]}}